1 is divided by 957.
124
Calculate the remainder when 86675 is divided by 28862.
89
Calculate the remainder when 28575201 is divided by 22.
17
What is the remainder when 14119053 is divided by 3381?
3378
What is the remainder when 277377 is divided by 138688?
1
What is the remainder when 7858330 is divided by 9?
7
What is the remainder when 1263136 is divided by 631554?
28
Calculate the remainder when 3456 is divided by 1714.
28
Calculate the remainder when 33588603 is divided by 11196199.
6
Calculate the remainder when 1829502 is divided by 3552.
222
Calculate the remainder when 375706 is divided by 7513.
56
What is the remainder when 52442827 is divided by 17480931?
34
Calculate the remainder when 3819928 is divided by 650.
528
Calculate the remainder when 3412024 is divided by 17864.
0
Calculate the remainder when 41180102 is divided by 657.
656
Calculate the remainder when 6278721 is divided by 617.
129
Calculate the remainder when 23433292 is divided by 2517.
22
What is the remainder when 6561999 is divided by 272?
271
Calculate the remainder when 548378256 is divided by 1639.
1636
Calculate the remainder when 269680246 is divided by 17.
15
What is the remainder when 1286760 is divided by 281?
61
Calculate the remainder when 2551100 is divided by 77.
13
What is the remainder when 6252169 is divided by 60?
49
What is the remainder when 233238112 is divided by 4492?
4488
Calculate the remainder when 72380648 is divided by 7772.
12
Calculate the remainder when 2862340 is divided by 25.
15
Calculate the remainder when 3611362 is divided by 225710.
2
What is the remainder when 8373477 is divided by 2135?
7
What is the remainder when 52296994 is divided by 25?
19
What is the remainder when 34188980 is divided by 250?
230
What is the remainder when 251877 is divided by 251799?
78
What is the remainder when 13020120 is divided by 163?
6
Calculate the remainder when 14180026 is divided by 444.
442
Calculate the remainder when 41821699 is divided by 109.
34
What is the remainder when 1068705 is divided by 89056?
33
Calculate the remainder when 211571 is divided by 234.
35
What is the remainder when 88182 is divided by 6255?
612
Calculate the remainder when 1092857 is divided by 635.
22
Calculate the remainder when 109640713 is divided by 10.
3
Calculate the remainder when 1176844 is divided by 280.
4
Calculate the remainder when 5328868 is divided by 1479.
31
What is the remainder when 5819256 is divided by 33444?
0
What is the remainder when 14770430 is divided by 249?
248
What is the remainder when 9050436 is divided by 923?
421
What is the remainder when 285276 is divided by 31523?
1569
What is the remainder when 113843 is divided by 2829?
683
What is the remainder when 34984484 is divided by 61?
8
Calculate the remainder when 687918 is divided by 403.
400
What is the remainder when 122335489 is divided by 43?
16
What is the remainder when 18814 is divided by 1707?
37
What is the remainder when 1859367 is divided by 77444?
711
What is the remainder when 3663144 is divided by 11171?
10227
What is the remainder when 450894018 is divided by 8148?
8142
What is the remainder when 21387999 is divided by 53?
8
What is the remainder when 606494 is divided by 112?
14
Calculate the remainder when 1084110 is divided by 154871.
13
What is the remainder when 2859803 is divided by 407?
221
What is the remainder when 5789890 is divided by 22?
18
Calculate the remainder when 10440157 is divided by 91.
0
What is the remainder when 6399169 is divided by 400?
369
What is the remainder when 9311926 is divided by 175?
1
Calculate the remainder when 351436313 is divided by 5895.
5888
What is the remainder when 360575070 is divided by 82?
78
What is the remainder when 20883 is divided by 6895?
198
Calculate the remainder when 182496451 is divided by 1794.
7
Calculate the remainder when 13708383 is divided by 57.
54
Calculate the remainder when 3389133 is divided by 70.
13
Calculate the remainder when 4199176 is divided by 2501.
2498
Calculate the remainder when 101606 is divided by 5627.
320
Calculate the remainder when 26160865 is divided by 143741.
3
What is the remainder when 1601968 is divided by 53?
43
Calculate the remainder when 3529133 is divided by 3734.
503
Calculate the remainder when 32733 is divided by 356.
337
Calculate the remainder when 180334 is divided by 3.
1
What is the remainder when 19620 is divided by 16632?
2988
Calculate the remainder when 690980 is divided by 43162.
388
Calculate the remainder when 806099 is divided by 161123.
484
Calculate the remainder when 64301 is divided by 761.
377
Calculate the remainder when 112192044 is divided by 780.
744
Calculate the remainder when 1967728 is divided by 34.
12
Calculate the remainder when 7808277 is divided by 5209.
5195
Calculate the remainder when 2659679 is divided by 106386.
29
Calculate the remainder when 3597310 is divided by 26.
2
What is the remainder when 17188575 is divided by 101?
92
Calculate the remainder when 2899495 is divided by 174.
133
Calculate the remainder when 10782519 is divided by 1922.
99
Calculate the remainder when 3167359 is divided by 30.
19
Calculate the remainder when 2528032 is divided by 262.
256
What is the remainder when 76751188 is divided by 2019768?
4
What is the remainder when 972135 is divided by 485877?
381
What is the remainder when 7243692 is divided by 27?
24
What is the remainder when 118442830 is divided by 31?
14
What is the remainder when 98391 is divided by 19674?
21
What is the remainder when 988249 is divided by 415?
134
What is the remainder when 28522513 is divided by 105?
103
What is the remainder when 24375988 is divided by 20?
8
What is the remainder when 1338811 is divided by 115?
96
What is the remainder when 8329121 is divided by 49?
3
Calculate the remainder when 430848 is divided by 17582.
8880
Calculate the remainder when 116528303 is divided by 118.
117
Calculate the remainder when 196188055 is divided by 6055.
0
What is the remainder when 1179288 is divided by 21829?
522
What is the remainder when 349814 is divided by 108?
2
Calculate the remainder when 348862 is divided by 115933.
1063
Calculate the remainder when 97906 is divided by 2331.
4
Calculate the remainder when 4788 is divided by 2078.
632
Calculate the remainder when 97698 is divided by 2289.
1560
What is the remainder when 34099636 is divided by 251?
31
Calculate the remainder when 18676845 is divided by 12.
9
Calculate the remainder when 6954221 is divided by 30.
11
What is the remainder when 314543 is divided by 314451?
92
Calculate the remainder when 52069 is divided by 82.
81
What is the remainder when 19323000 is divided by 32?
24
Calculate the remainder when 216163 is divided by 575.
538
What is the remainder when 9065246 is divided by 158?
154
Calculate the remainder when 15864007 is divided by 12000.
7
Calculate the remainder when 3442832 is divided by 8943.
8720
What is the remainder when 81609912 is divided by 24383?
11
Calculate the remainder when 6515010 is divided by 5179.
5007
Calculate the remainder when 264534 is divided by 2970.
204
Calculate the remainder when 171423 is divided by 942.
921
What is the remainder when 34346 is divided by 5982?
4436
What is the remainder when 257026 is divided by 8031?
34
What is the remainder when 85212369 is divided by 28404112?
33
What is the remainder when 1945774 is divided by 97288?
14
Calculate the remainder when 41013401 is divided by 166046.
39
Calculate the remainder when 12105577 is divided by 76.
69
What is the remainder when 6350479 is divided by 7266?
7261
Calculate the remainder when 177624 is divided by 88642.
340
Calculate the remainder when 2145129 is divided by 2287.
2210
Calculate the remainder when 37539 is divided by 1783.
96
Calculate the remainder when 38336 is divided by 1525.
211
What is the remainder when 1546466 is divided by 11?
9
What is the remainder when 16577427 is divided by 420?
27
What is the remainder when 4750386 is divided by 2375192?
2
What is the remainder when 5557761 is divided by 754?
27
What is the remainder when 162486 is divided by 54129?
99
Calculate the remainder when 890195 is divided by 415.
20
What is the remainder when 153906 is divided by 51000?
906
Calculate the rem